9 a prime number?
True
Is 1222690903 prime?
False
Is 86294783 a composite number?
False
Is 8330507 a composite number?
False
Is 227984923 prime?
True
Is 14781773 a prime number?
True
Is 31890899 prime?
True
Is 293925929 composite?
True
Is 174873527 a prime number?
True
Is 24156443 prime?
True
Is 22307518 composite?
True
Is 26417537 composite?
False
Is 11100931 prime?
True
Is 8657161 prime?
True
Is 967723 prime?
False
Is 38668957 a composite number?
True
Is 675095971 a composite number?
True
Is 3547153 a prime number?
False
Is 5503253 prime?
False
Is 19670881 a composite number?
False
Is 3491401 composite?
False
Is 94341167 prime?
False
Is 11911963 a composite number?
True
Is 98999 composite?
False
Is 998941 a composite number?
False
Is 69659 a composite number?
True
Is 55379 prime?
False
Is 1535323 composite?
False
Is 46266035 composite?
True
Is 16333793 a prime number?
False
Is 36681418 composite?
True
Is 249923 a composite number?
False
Is 1131969793 a prime number?
False
Is 7922627 prime?
True
Is 1671956161 a prime number?
False
Is 26068321 a composite number?
False
Is 14189023 composite?
False
Is 19627759 a composite number?
True
Is 158774503 a composite number?
False
Is 3646183 composite?
False
Is 24014051 prime?
True
Is 306217 prime?
False
Is 67512631 a composite number?
True
Is 63703513 prime?
True
Is 18689819 a prime number?
True
Is 2167409 composite?
False
Is 52996751 a prime number?
True
Is 72058709 a composite number?
False
Is 1567777 a composite number?
True
Is 252575483 prime?
True
Is 29151919 composite?
False
Is 272652277 prime?
False
Is 928129 prime?
False
Is 170758039 composite?
True
Is 267592627 composite?
False
Is 22246153 a composite number?
True
Is 1404859 composite?
False
Is 25949563 a composite number?
False
Is 25592753 a prime number?
False
Is 2317387 a composite number?
False
Is 147042751 prime?
True
Is 5453405 a prime number?
False
Is 38906683 a composite number?
False
Is 40684991 a composite number?
False
Is 39393773 a prime number?
True
Is 2586127 composite?
False
Is 341933 composite?
True
Is 28458113 a prime number?
True
Is 72804379 composite?
False
Is 43334609 prime?
True
Is 153552769 a composite number?
True
Is 341611 composite?
True
Is 2485517 a prime number?
False
Is 2497801 a composite number?
False
Is 69365003 prime?
True
Is 78616663 composite?
False
Is 7130993 a composite number?
False
Is 138697289 a composite number?
True
Is 106979309 a prime number?
True
Is 275579881 prime?
True
Is 57745 a prime number?
False
Is 336014773 composite?
True
Is 2617091 a prime number?
True
Is 23046847 composite?
False
Is 94559953 a composite number?
False
Is 44550661 composite?
False
Is 3569329 prime?
True
Is 10775186 composite?
True
Is 1338231223 composite?
True
Is 18965599 a composite number?
False
Is 3971581 prime?
True
Is 26064685 a composite number?
True
Is 880262 a composite number?
True
Is 423502159 prime?
True
Is 158301547 composite?
False
Is 94852519 composite?
False
Is 7369679 prime?
True
Is 26563477 a composite number?
False
Is 2347967 a prime number?
False
Is 15534241 composite?
False
Is 13005319 prime?
True
Is 2120513 a prime number?
True
Is 100353133 prime?
True
Is 183703942 prime?
False
Is 123692081 composite?
False
Is 51204137 a prime number?
False
Is 28623533 prime?
False
Is 1266535 prime?
False
Is 537923 composite?
True
Is 7820005 a composite number?
True
Is 3639481 a composite number?
False
Is 625013 prime?
False
Is 42392947 a composite number?
False
Is 1018559 prime?
True
Is 96046337 a prime number?
False
Is 435911 a prime number?
False
Is 1854763 composite?
False
Is 26557 a composite number?
False
Is 94945051 a prime number?
False
Is 2829289 a composite number?
False
Is 179761397 prime?
True
Is 7377043 prime?
False
Is 347520601 composite?
True
Is 242900305 a composite number?
True
Is 1042571 prime?
True
Is 19817491 a prime number?
False
Is 5088529 a prime number?
True
Is 1052873 a prime number?
True
Is 31610707 a composite number?
False
Is 1379201 a prime number?
True
Is 22604443 composite?
True
Is 190458859 prime?
True
Is 104854471 a composite number?
False
Is 1289681 prime?
False
Is 18156811 a composite number?
True
Is 2879083 a prime number?
True
Is 1470149 a prime number?
True
Is 506767693 a prime number?
True
Is 5430233 a prime number?
True
Is 286024177 a prime number?
True
Is 973591 prime?
True
Is 19099679 prime?
False
Is 13389953 a prime number?
True
Is 755033 composite?
False
Is 591253 a composite number?
True
Is 16707809 composite?
True
Is 13647157 composite?
False
Is 715679 prime?
True
Is 79091063 prime?
True
Is 11963498 a composite number?
True
Is 3027389 a prime number?
True
Is 4770671 a prime number?
True
Is 157877 composite?
False
Is 6895951 a composite number?
False
Is 153301 prime?
False
Is 149035079 a composite number?
True
Is 299093521 a prime number?
False
Is 3888107 a prime number?
True
Is 30073643 composite?
False
Is 774007 prime?
False
Is 90102241 a prime number?
False
Is 1917829 a prime number?
False
Is 28845491 composite?
False
Is 258046879 a composite number?
False
Is 27814993 a composite number?
True
Is 36712285 prime?
False
Is 3469633 composite?
False
Is 232274927 prime?
False
Is 120342633 a prime number?
False
Is 77217841 prime?
True
Is 67192337 composite?
True
Is 8928929 a prime number?
True
Is 727774 a composite number?
True
Is 41487757 composite?
False
Is 7743557 prime?
True
Is 439367 prime?
True
Is 6306683 a composite number?
True
Is 36604693 a prime number?
False
Is 160282481 a composite number?
False
Is 214023827 a composite number?
False
Is 730537 a composite number?
False
Is 45468961 a composite number?
False
Is 27873803 a composite number?
True
Is 919799 a composite number?
False
Is 587497 prime?
True
Is 249681287 composite?
False
Is 4285213 a composite number?
True
Is 10512157 a prime number?
True
Is 121003039 a prime number?
False
Is 141868403 composite?
True
Is 60055271 prime?
False
Is 12717857 a composite number?
False
Is 2108215 a prime number?
False
Is 29441429 a prime number?
False
Is 141787 composite?
True
Is 527491 a prime number?
False
Is 1676329 composite?
True
Is 62384243 a prime number?
True
Is 2243383 composite?
False
Is 125142841 prime?
True
Is 4567981 a prime number?
False
Is 3322607 prime?
True
Is 852521 a composite number?
False
Is 51289463 a prime number?
False
Is 110351693 a composite number?
False
Is 1714051 prime?
False
Is 21932197 a prime number?
False
Is 2490434 a composite number?
True
Is 8574311 a prime number?
True
Is 39942706 a prime number?
False
Is 4256717 prime?
True
Is 89858569 composite?
True
Is 75731 a composite number?
False
Is 3215923 prime?
True
Is 130025789 a prime number?
True
Is 1142291 prime?
False
Is 6508549 a composite number?
False
Is 68688341 a prime number?
True
Is 168977 a composite number?
False
Is 716758571 a prime number?
True
Is 480594929 composite?
True
Is 9579601 composite?
False
Is 4107146 prime?
False
Is 63074551 a prime number?
True
Is 2480774 prime?
False
Is 3889463 composite?
True
Is 5006971 a composite number?
False
Is 325030987 a prime number?
False
Is 12130751 a prime number?
True
Is 2280346073 prime?
True
Is 176696081 a composite number?
False
Is 329489 prime?
True
Is 1396119 prime?
False
Is 138131893 composite?
False
Is 113251589 a prime number?
False
Is 1272419 composite?
True
Is 723274 a prime number?
False
Is 60781453 a prime number?
True
Is 756011 composite?
False
Is 221187689 a prime number?
True
Is 40747633 a prime number?
False
Is 344092451 a prime number?
False
Is 5724793 a prime number?
True
Is 190128337 prime?
False
Is 27811417 a composite number?
False
Is 5953 a prime number?
True
Is 552985853 a composite number?
True
Is 11848889 composite?
True
Is 72126127 a prime number?
False
Is 181772249 composite?
False
Is 9428203 composite?
True
Is 118681813 a prime number?
False
Is 25212263 a composite number?
True
Is 11409287 prime?
True
Is 17884417 a prime number?
True
Is 6541229 a composite number?
False
Is 1665173 composite?
False
Is 906842 prime?
False
Is 34122065 a composite number?
True
Is 16789501 composite?
False
Is 146553521 composite?
False
Is 14469353 composite?
True
Is 175999627 composite?
True
Is 1226767 composite?
False
Is 24607357 a composite number?
False
Is 78371983 a prime number?
Fal